ousands digit of a(-29)?
1
Let o(a) = -a**3 + 12*a**2 - 8*a - 5. Let h be o(11). Suppose -h = -3*i + 1115. Let t = i + -237. What is the tens digit of t?
4
Let l be 36 + 52*6/24. Let m(g) = -g**3 - 8*g**2 - 8*g - 5. Let z be m(-7). Suppose -244 = -z*n + 4*c, 2*c - l = -n + 81. What is the units digit of n?
6
Suppose 31*m - 2009656 = -10*m - 41*m. What is the thousands digit of m?
4
Let i(m) = 2244*m + 96. What is the units digit of i(11)?
0
Let o = 2 + 3. Suppose -o*t = -5*d + 530, -69 + 187 = d + 3*t. What is the units digit of d?
9
Let f(h) = 4*h**2 - 11*h - 8. Let y = -2 + 8. Let c be f(y). Suppose 0 = 2*r - c - 0. What is the tens digit of r?
3
Let n = 83879 - 12887. What is the hundreds digit of n?
9
Suppose 2*h - 5 + 1 = 0. Suppose -h*j - 25 = 3*j, -g - 5*j = 35. Let n = g + 92. What is the tens digit of n?
8
Let g(l) = -2*l + 30 - l + 4*l. Suppose 17*i = -232 + 11. What is the units digit of g(i)?
7
Let m be 14/8 + -2 + 390/(-40). What is the tens digit of (0 - -1) + (4 - (m + -567))?
8
Suppose r + 8*p - 3*p + 16 = 0, -4*p = 4*r. Suppose -r*j + 0*j - 214 = -2*n, -4*n = 3*j - 439. What is the tens digit of n?
0
Let a(h) = 306 + 299 - 885 - 424*h + 313. What is the units digit of a(-1)?
7
Let r(x) = x**3 + 7*x**2 + 12*x + 5. Let y be r(-4). Suppose 0*b + b = -3*i + 1412, i - y*b - 492 = 0. Suppose 3*v - i = -5*v. What is the units digit of v?
9
Suppose 0 = 5*v - 4*l - 45743, 4*v + 654*l - 36586 = 656*l. What is the tens digit of v?
4
Let g = 22269 - 14715. What is the tens digit of g?
5
Suppose 0 = 2*s + 2*s - 48. Let w be (-174)/(-3) + -2 + 7. Let u = w - s. What is the tens digit of u?
5
Suppose 5*m - 2*n = 2*n + 2239, -3*m = -n - 1349. Let q = 219 - m. What is the tens digit of ((-2)/4)/(4/q)?
2
Let o(j) = 23*j + 1. Suppose -2*y + 45 = -z, 10 + 10 = -4*z. Suppose -22*g - y = -27*g. What is the units digit of o(g)?
3
Suppose -6*o + 6*v = -3*o - 34302, -2*o = 3*v - 22826. What is the ten thousands digit of o?
1
Suppose 4*k - 11811 = 9949. What is the thousands digit of k?
5
Let z(q) = -q**2 + 5*q - 3. Let s be z(3). Suppose 0 = -0*f + 3*f - 3*t - 150, 0 = -s*t - 9. What is the tens digit of (-1 - f/(-5))*40/16?
2
Let i(r) = 10*r**2 - 107*r + 73. Let b be i(22). Suppose b = 2*f + 3*y, -73*f + 78*f + 2*y = 6403. What is the tens digit of f?
8
Let o(f) be the second derivative of f**6/30 - f**5/30 - 2*f**3/3 - 7*f**2/2 - 5*f. Let p(h) be the first derivative of o(h). What is the tens digit of p(2)?
2
Suppose -3*i - 52055 = -2*i - 6*i. What is the units digit of i?
1
Let n be 208/36 - 40/(-180). Suppose 0*p - n*p = -6342. What is the hundreds digit of p?
0
Suppose -1759 - 11478 = -v. What is the ten thousands digit of v?
1
Let p = -1492 + 48792. What is the ten thousands digit of p?
4
Suppose 0 = -4*m - 36 - 12. What is the hundreds digit of m*(177/(-20) - 4/10)?
1
Suppose 0*p - 8 = -4*i + 3*p, 2*p + 2 = i. Let c = 2 - -1. What is the tens digit of 1/(c + -4) + i + 29?
3
Let f(p) = -p**3 + 66*p**2 - 45*p - 157. What is the thousands digit of f(65)?
1
Let u be 132 - 28/12*3. Let w = u + 751. What is the tens digit of w?
7
Let z(l) = -14*l**2 - 5*l. Let g be z(-4). Let b = g + 321. What is the hundreds digit of b?
1
Let v = -123 - -126. Suppose 5*s = 2*s + 5*j + 244, v*s - 4*j = 248. What is the tens digit of s?
8
Let b = -190 - -180. Let v(q) be the first derivative of q**4/4 + 4*q**3 + 4*q**2 + 5*q - 1. What is the tens digit of v(b)?
2
Let y(v) = 2083*v - 1271. What is the hundreds digit of y(10)?
5
Let l(t) = 17*t**2 + 11*t + 612. What is the tens digit of l(-32)?
6
Let j(u) = 2*u - 17. Let p be j(10). Suppose 4*g = 2*c + 6, -p*c + 11 = 5*g - 2. Suppose 172 = g*b - 28. What is the units digit of b?
0
What is the thousands digit of ((-1)/(-3))/(6/45*10/86540)?
1
Let y(s) = 45*s + 114. What is the units digit of y(10)?
4
Suppose 0 = 5*y + 129 - 944. Suppose 7*n - 5 - y = 0. What is the tens digit of n?
2
Suppose 118119 - 5175 = 16*l. What is the tens digit of l?
5
Let t(z) = -540*z - 294. Let v be t(-5). Let l = -1486 + v. What is the hundreds digit of l?
9
Let w = 1365 + -1324. Let y = -105 + 66. Let q = w + y. What is the units digit of q?
2
Let i(p) = 814*p + 1633. What is the ten thousands digit of i(20)?
1
Let u(s) = -31*s + 12. Suppose 11*o = 16*o + 40. What is the tens digit of u(o)?
6
Let j = 263 - 260. Suppose 937 = j*x + 5*n, -6*x + n = -4*x - 629. What is the units digit of x?
4
Suppose 26*b + b = 57672. Let x = b + -1292. What is the hundreds digit of x?
8
Let w(v) = 3140*v - 5788. What is the ten thousands digit of w(7)?
1
Let j be (3 + -3)*3/(-3). Suppose 2*n + 9*n + 22 = j. What is the units digit of ((-555)/(-21))/5 - n/(-7)?
5
Let i = -260 + 454. Let x = i - 162. What is the tens digit of x?
3
Let q(l) = -142*l**3 - 3*l**2 + 61*l + 223. What is the hundreds digit of q(-6)?
4
Let q(h) = h**2 + 8*h + 11. Let g be q(-7). Suppose 0 = -g*r + r. What is the units digit of (0 - (r - 4)) + 44?
8
Let q = 170 + -188. What is the tens digit of (-60)/q*6/4 + 271?
7
Let r(x) = 365*x + 6744. What is the tens digit of r(0)?
4
Let n(a) = a**3 - 14*a**2 - 15*a + 5. Let p be n(15). Suppose -p*x + 5*m = -650, -x = -5*m - 0*m - 150. Let t = -15 + x. What is the hundreds digit of t?
1
Let d = -932 + 13899. What is the units digit of d?
7
Suppose -4*s + 14 = i, -s + 4*i - 1 - 4 = 0. Suppose s*u + u - 1688 = 0. What is the hundreds digit of u?
4
Let z(d) = -d**3 - 5*d**2 + 4*d - 1. Let p be z(-7). Let t be ((-1)/(-1))/(42/2814). Suppose -p*r + 316 = -t*r. What is the tens digit of r?
5
Suppose 182 + 158 = 17*u. Suppose 5*k + 1710 = u*k. What is the tens digit of k?
1
Let i be (-3)/21 - (5760/(-35))/4. Let b = i + -223. Let t = 319 + b. What is the units digit of t?
7
Let k(r) = r**2 + 2*r - 10. Let f be k(2). What is the units digit of f/(-7) - (-2)/(-7) - -30?
0
Suppose -625 + 201 = -4*k. Let c(g) = -10*g**3 - 16*g**2 + 34*g + 2. Let w be c(2). Let v = k - w. What is the hundreds digit of v?
1
Let v(b) = -4*b**2 + 8*b - 25. Let p be v(3). Let o = 123 - 218. Let i = p - o. What is the tens digit of i?
5
Let n = 182 + -230. What is the thousands digit of (0 - 503)*(n + 46)?
1
Suppose 12*x + 177224 = -92512. What is the thousands digit of x/(-18) - 32/(-144)?
1
Let s = -16 + 37. Suppose -4*g + s = 3*g. Suppose 0 = 3*w + 3*q - 15, g*w - 4 = -5*q + 3. What is the units digit of w?
9
Let x(a) = 391*a**2 + 74*a - 507. What is the thousands digit of x(6)?
4
Let b(t) = 105*t**2 - 27*t**2 + 4*t - 32 - 6*t - 34*t**2 - 36*t**2. What is the hundreds digit of b(6)?
2
Suppose 5*l = -m + 644, -3*l - m = -291 - 95. Let s = l - 89. Let f = s + 62. What is the hundreds digit of f?
1
Let p be 441/(-84) - (-2)/8. Let x be p/(-3) + (-21)/(-9). Let s(z) = 6*z**2 - 8*z + 7. What is the tens digit of s(x)?
7
Let n(z) = -4*z - 9. Let u be n(-3). Suppose -j + 2*b = -5*j + 234, -u*b - 55 = -j. What is the tens digit of j?
5
Let d(y) = -4*y + 15*y + 44 - y**3 + 33*y - 11*y - 20*y**2. What is the hundreds digit of d(-22)?
2
Let v = 404 + -408. What is the hundreds digit of (v/(-16))/(-1)*-532?
1
Let y = 28 + -25. Suppose y*l + 1 = -2. What is the tens digit of (3 - (5 + l))*-66?
6
Suppose -4 = -3*n + 2. Suppose w + v - 7 = 0, 3*v - 23 = -5*w + n*v. What is the units digit of 1 - (1 - (w + 0))?
4
Suppose 8*x - 25 - 7 = 0. Suppose x*u = 5*b, -7 = u - 4*b + 4. Suppose 0*w - 357 = -4*w - 5*z, -u*z - 83 = -w. What is the tens digit of w?
8
Let m(u) = 4*u**3 + 6 - 3*u**3 - 5*u**2 - 16*u + 22*u. What is the hundreds digit of m(7)?
1
Let s = -127 + 173. Suppose 3*l - 398 = s. What is the hundreds digit of l?
1
Let y(u) = -2*u - 5. Suppose -22 = -d + 54. Let g = 71 - d. What is the units digit of y(g)?
5
Let z = 978 - 615. Let i be 1/2 - (-3)/(18/z). What is the units digit of i - 1/(-3 - 32/(-12))?
4
Suppose 34*n + 16 = 36*n. Suppose 26*h = n*h + 4986. What is the units digit of h?
7
Let j(q) = -q**3 + 4*q**2 - 6*q + 17. Let b be j(7). Let w = 533 + b. What is the tens digit of w?
6
Let g = -23 + 26. Let v be (g - (-33)/(-9))*18/(-4). Suppose -v*b + 50 = 41. What is the units digit of b?
3
Let t(g) = 232*g**2 + 4*g + 9. What is the hundreds digit of t(-4)?
7
Let m = -192 - -4236. What is the hundreds digit of m?
0
Let d be -9 - -3 - (-15 + (4 - -1)). Suppose -2*q = -2*f - 1640, 